d derivative of n**6/120 + n**5/10 + 5*n**4/24 + n**3/3 - 3*n**2. Suppose -5*s = -59 + 4. Suppose -t = s - 6. Give r(t).
2
Let c(v) = -1. Let y(u) be the third derivative of u**4/24 + 7*u**3/6 - 3*u**2. Let b(x) = -4*c(x) - y(x). Calculate b(0).
-3
Let t(s) = s**3 - 2*s**2 - 2 + 11*s + s**2 + 0*s**3 - 12*s. What is t(2)?
0
Let y(k) be the first derivative of -5/3*k**3 + 2*k + 2 + 1/4*k**4 + 2*k**2. Determine y(4).
2
Let c(d) be the third derivative of 0 + 7/60*d**5 - 1/120*d**6 - 2*d**2 + 4/3*d**3 + 0*d - 1/3*d**4. Calculate c(6).
-4
Let g(p) = 4*p + 8. Let r(s) = -5*s - 8. Let a(h) = -6*g(h) - 5*r(h). Suppose v + 5*q - 26 = -11, -5*q + 15 = -5*v. Suppose v = -i - 3*i. What is a(i)?
-8
Suppose -3*t = -11 - 4. Let c(p) be the first derivative of 3 - 3*p + 1/3*p**3 - 3*p**2. Determine c(t).
-8
Let v(h) = -6 + 4*h**2 - h**2 - h**2 + 4*h - h**2. Let p = 8 + -11. Let y be 1*p*(-15)/(-9). Give v(y).
-1
Let r(g) = -g**3 - 6*g**2 - 7*g - 6. Let d(x) = -x**3 + 8*x**2 - 8*x + 2. Let z be d(7). What is r(z)?
4
Suppose 2*l + 3*g + 30 = -3*l, -4*l = 4*g + 24. Let q = 9 + l. Let u(t) = -t**3 + 2*t**2 + t - 1. Determine u(q).
-7
Suppose -5*b = -8*b - 3. Let r = b - 3. Let v(g) = -g - 6. What is v(r)?
-2
Let t(o) = -2*o - 7. Let a be t(-5). Let n(x) = -x**a + 10*x**2 + 3*x**2 - 7*x**2 - 6. Determine n(6).
-6
Let c = 2 - 20. Let x be (-7)/3 + (-6)/c. Let a(s) = s + 2. Calculate a(x).
0
Suppose 4*i - 5*h + 2 = 0, -3*i - 4*h + 14 = -0*h. Suppose -3*g = -2*y - i + 6, y = -g + 2. Suppose -2*t + 12 = y. Let s(b) = b**2 - 5*b. Give s(t).
0
Let i(z) = 16*z - 37*z + 20*z + 1. What is i(-5)?
6
Let n be (-75)/(-12) + 7/(-28). Let x(c) = -c**3 + 7*c**2 - 8*c - 1. What is x(n)?
-13
Let k(j) = -3*j - 1. Let y(a) = a**2 - 9*a - 3. Let h be y(9). Give k(h).
8
Let r(m) = -3*m + 7. Let n(h) = 0*h + 8 + 0*h - h - 3*h. Let q(u) = 5*n(u) - 6*r(u). What is q(3)?
-8
Let c(p) = p**3 + 8*p**2 - 9*p - 3. Suppose 7*y - 13*y = 54. Determine c(y).
-3
Let x(g) = -2*g + 4. Suppose 7*j = -m + 4*j + 10, -5*m = 3*j - 26. Determine x(m).
-4
Let c(h) = 4 + 5*h - 7 - 3*h. Calculate c(3).
3
Let n(z) = -13*z + 12. Let l(r) = -5*r + 4. Let o(h) = 8*l(h) - 3*n(h). Calculate o(-3).
-1
Let u(y) = -y**2 - 4*y + 5. Let c be u(-4). Let s(d) = d**2 - 4*d + 2. Let z be s(4). Let v(a) = 2*a**3 - 5*a - 5 + 4 - 4*a**z - a**3. Give v(c).
-1
Let d(b) = 3*b**2 - 4*b + 2. Let v(u) = -7*u + 7. Let k(q) = -6*q + 7. Let c(n) = 6*k(n) - 5*v(n). Let z be c(5). Give d(z).
6
Let q be (-1)/2*(1 - -5). Let g(z) = -z**3 - z**2 + 1. Let p(t) = 4*t**3 + 6*t**2 - t - 4. Let r(s) = 3*g(s) + p(s). Determine r(q).
2
Suppose 0 = 3*z - 1 - 17. Let q(b) = -b**2 + 5*b + 7. Give q(z).
1
Suppose -2*p + 2*y = -10, -3*y = p + 3*p - 13. Let k(b) = -p + b + 3*b + 4. Let x be 1/(-3) - 6/9. Give k(x).
-4
Let m = -13 - -13. Let r(p) = 7*p**3 - 7*p**2 - p - 5. Let o be 6/7*(-2 - -9). Let u(h) = 6*h**3 - 6*h**2 - h - 4. Let w(y) = o*u(y) - 5*r(y). What is w(m)?
1
Let v be ((-2)/1)/((-2)/27). Suppose -4*f = 5*r - v, 15 = -0*r + 3*r + 2*f. Let y(m) = 5*m - 3 - r - 4*m. What is y(0)?
-6
Let r(v) = -v**3 - v**2 + 7*v + 5. Let c(t) = -t**3 - 2*t**2 + 7*t + 4. Let h(b) = -3*c(b) + 2*r(b). Calculate h(-5).
8
Let h(z) = -2*z**3 - 2*z**2 + 4*z + 4. Let x be h(-2). Let o(g) = g**2 - 3*g + 6. Determine o(x).
10
Let k(m) be the third derivative of -m**5/60 - m**4/6 + 5*m**3/6 - 6*m**2. Calculate k(-4).
5
Let o(r) be the third derivative of -r**4/12 - 4*r**3/3 + 12*r**2. Give o(-6).
4
Let x(r) = -3*r + 2. Let q(m) = m**2 + 10*m + 14. Let b be q(-8). Calculate x(b).
8
Let b(u) = -u**3 + 6*u**2 - 3*u - 6. Let p = 3 - -2. Give b(p).
4
Let o be (-4)/((0 - 1) + 0). Let n(b) = -2*b + b + 2*b + b**2 + 1 - 4*b. Determine n(o).
5
Let y(b) be the first derivative of -b**4/4 + b**2/2 - 7*b - 10. Give y(0).
-7
Let h(i) = 13*i + 4. Let m(p) = 4*p + 1. Let k(g) = -2*h(g) + 7*m(g). Determine k(-1).
-3
Let t(l) = -l**3 - l**2 + l - 1. Let s(o) = -2 - o**2 - o - 3*o**3 - o**2 + 7*o**3 + 6*o. Let j(f) = s(f) - 3*t(f). Give j(-1).
-7
Let w(a) be the second derivative of -5*a + 0 + 0*a**2 + 1/3*a**3 + 1/6*a**4. Let p(l) = l**3 - 7*l**2 - l + 5. Let q be p(7). What is w(q)?
4
Let a be -3 - ((-6)/4)/(12/(-8)). Let v(p) = p**3 - p - 1. Let s(r) = r - r**3 + 2*r**3 + 2*r - 3*r**2. Let d(w) = -s(w) + 2*v(w). Give d(a).
2
Let y(x) = -x - 1. Let k(d) = -8*d - 12. Let t(q) = 2*k(q) - 18*y(q). Give t(5).
4
Let z(g) be the first derivative of -g**3/3 + g**2/2 + 2*g - 3. Suppose -4*u = h + 1 + 11, -5*u - 26 = 4*h. Let n be ((-6)/h)/((-3)/4). Determine z(n).
-4
Let w(n) = 1. Suppose -4 = 5*a + 1. Let t(i) = -i**2 - 5*i + 3. Let f(x) = a*t(x) - w(x). Let r(z) = z**3 - 4*z**2 - z - 2. Let b be r(4). What is f(b)?
2
Let u(j) = 2*j - 5 + 1 + 1. Let y(w) = 2*w - 5*w + 2*w. Let g be y(-5). Calculate u(g).
7
Let n(y) = -y + 2. Let p(j) = -3*j + 22. Let q be p(6). What is n(q)?
-2
Let f be (-1)/(-5) - -2*(-4)/40. Let l(j) = j**3 - j**2 + j - 8. Give l(f).
-8
Suppose -2*n - 15 = n. Let w(t) = -t**2 - 6*t - 1. What is w(n)?
4
Let q be (-4)/14 - (-270)/63. Suppose q*u - 4 = -2*i, -2*i + 0*i = 2*u - 2. Let k(v) = v - 2. Determine k(i).
-2
Let a(t) = -1 - 3*t - 3 + 2 + 5. Let n be a(3). Let m(r) = r**2 + 4*r - 6. What is m(n)?
6
Let p be 2*1/((-2)/(-4)). Suppose -8 = -4*c - 4*m, -p*c - 2*m + 14 = -4*m. Let x be 1*c*6/(-6). Let g(v) = v**3 + 5*v**2 + 5*v + 3. Determine g(x).
6
Let y(g) be the third derivative of 1/2*g**3 + 1/24*g**4 - 3*g**2 + 0*g + 0. Calculate y(3).
6
Suppose 1 = -0*v + v. Let u(m) be the third derivative of 1/20*m**6 + 0 + 0*m + 1/24*m**4 - 1/30*m**5 - m**2 + 0*m**3. Give u(v).
5
Let b(c) = c + 4. Let a(t) = -t - 8. Let j(q) = -6*a(q) - 11*b(q). What is j(4)?
-16
Let b = 7 + -4. Let h be 2/b*(-18)/(-3). Let r(i) = -i**3 + 5*i**2 - 5*i + 3. Determine r(h).
-1
Let g = 0 + -1. Let m(r) = -2*r + 1 - 5 + 3 + r**2 + 7*r**2. Determine m(g).
9
Let m = -6 + 10. Let c(l) = l - 2. Let j be c(m). Let g(b) = -2 - b - b - 4*b + 4*b. What is g(j)?
-6
Let j(g) = -14*g - 5. Let s(y) = 5*y + 2. Let l(n) = -3*j(n) - 8*s(n). Let w = 5 - 0. Let x be w + 6*3/(-6). Determine l(x).
3
Let b(g) = -3*g**3 + 8*g**2 - g - 4. Let k = 8 - 4. Let x(l) = 5*l**3 - 15*l**2 + 3*l + 7. Let n(v) = k*x(v) + 7*b(v). Give n(-5).
0
Let h(x) be the first derivative of -2*x**4 + x**3 - 2*x + 1. Let p(n) = 36 - 31 - 7*n**2 + 9*n**3 + 7*n**3. Let w(y) = -5*h(y) - 2*p(y). Give w(1).
7
Let s = -3 - -2. Let i(o) = -80*o + 49*o + 40*o. What is i(s)?
-9
Suppose -6*z = 2*z - 48. Let p(l) = 2*l - 5. Give p(z).
7
Let n(q) = -2*q**2 + 3*q**2 + 236*q + 1 - 237*q. Let l be -1*2 + 3 + 1. Determine n(l).
3
Let y = 11 - 5. Let s be y/8 - 18/(-8). Let b be s - (2/1 - -1). Let k(v) = -v**3 - v + 2. What is k(b)?
2
Let u(l) = l**3 - l**2. Suppose 4*b - 2 = -6. What is u(b)?
-2
Let w = -1 - 0. Let p be w/4 - (-18)/8. Let f(u) = -1 + 3*u**2 + p - 2*u**3 - 4*u**2. What is f(1)?
-2
Suppose -16 = -4*g - n, -4*n = 4*g - 3*g + 11. Let u(m) = -m**3 - 5*m**2 - 5*m - 3. Let w be u(-4). Let z(a) = 2*a - 5 + w - 2*a + a. Calculate z(g).
1
Let t(q) = q**3 + 11*q**2 + 10*q + 2. Let u be t(-10). Let k(v) = -v**2 + 2*v + 1. Give k(u).
1
Let a(x) = -4 + 0*x**2 - x**2 - 3 + 3*x - 4. Let f(u) = 3*u**2 - 7*u + 23. Let t(r) = 5*a(r) + 2*f(r). Give t(0).
-9
Let i(a) = -a**3 + 8*a**2 - 8*a + 1. Suppose -2*z = -3*x - 20, -3*z + 9 + 6 = 3*x. Give i(z).
-6
Let h(s) be the second derivative of s**3/6 + 2*s**2 + 6*s. What is h(-3)?
1
Let z(r) = 2*r**2 + 2*r + 1. Let t(q) = -9*q + 0 - q**2 + q - 1. Let h be t(-8). Determine z(h).
1
Let b(y) = 219*y - 219*y - 1 - 4*y**2. Determine b(1).
-5
Let c = 7 - 2. Suppose 0 = 3*f + 3*u - 12, -4*f + 10*u - c*u + 7 = 0. Let g(h) = 2*h**f - h**3 + h + 6*h**2 + 3*h. Calculate g(-5).
5
Let m be ((-16)/6)/((-4)/6). Suppose 12 = m*v - 0*v. Let a(k) = k - 4. Give a(v).
-1
Let b(y) = -y**3 - 5*y**2 + 7*y + 9. Let n = -58 - -52. Determine b(n).
3
Let c be 42/(-9)*(-24)/28. Suppose 5*q + 3*y + 7 + 0 = 0, -c*q = 3*y + 8. Let v(x) = x + 0*x + 2*x**2 + 1 - 2. Calculate v(q).
2
Let m(f) = 13*f**3 - 19*f**2 - 17*f - 25. Let b(a) = -7*a**3 + 10*a**2 + 9*a + 13. Suppose 2*x - 5 = 7. Let g(p) = x*m(p) + 11*b(p). Calculate g(5).
3
Let q(k) = -k**2 - 6*k + 10 - 4*k - 4 + k. What is q(-9)?
6
Let g(l) be the third derivative of -l**4/24 - 7*l**3/6 - 